{"id":68,"date":"2019-02-09T23:12:28","date_gmt":"2019-02-09T23:12:28","guid":{"rendered":"https:\/\/ragetech.com.br\/maquinasagricolas\/?page_id=68"},"modified":"2019-02-15T20:11:40","modified_gmt":"2019-02-15T20:11:40","slug":"nossa-historia","status":"publish","type":"page","link":"https:\/\/ragetech.com.br\/maquinasagricolas\/nossa-historia\/","title":{"rendered":"NOSSA HIST\u00d3RIA"},"content":{"rendered":"<p>[et_pb_section fb_built=&#8221;1&#8243; _builder_version=&#8221;3.19.10&#8243; background_image=&#8221;https:\/\/ragetech.com.br\/maquinasagricolas\/wp-content\/uploads\/2019\/02\/engenhariafundo.jpg&#8221;][et_pb_row _builder_version=&#8221;3.19.10&#8243;][et_pb_column type=&#8221;1_2&#8243; _builder_version=&#8221;3.19.10&#8243; parallax=&#8221;off&#8221; parallax_method=&#8221;on&#8221;][et_pb_cta title=&#8221;NOSSA HIST\u00d3RIA&#8221; button_text=&#8221;Click Here&#8221; _builder_version=&#8221;3.19.10&#8243; header_font=&#8221;|700|||||||&#8221; header_text_color=&#8221;#ffbf00&#8243; background_color=&#8221;#000000&#8243; box_shadow_style=&#8221;preset4&#8243; box_shadow_horizontal=&#8221;20px&#8221; box_shadow_vertical=&#8221;20px&#8221; box_shadow_color=&#8221;#ffc300&#8243; animation_style=&#8221;slide&#8221; animation_direction=&#8221;left&#8221;]<\/p>\n<p>Nascido em 2005, o GRUPO RAGETECH \u00e9 um conglomerado empre\u00adsarial que opera nas \u00e1reas de IND\u00daSTRIA DE LOU\u00c7AS SANIT\u00c1RIAS, M\u00c1QUINAS E IMPLEMENTOS AGR\u00cdCOLAS e CONSTRU\u00c7\u00c3O CIVIL.<\/p>\n<p>O GRUPO RAGETECH tem a especialidade em proporcionar economia e performance atrav\u00e9s de alta tecnologia em projetos industriais.<\/p>\n<p>A empresa fornecendo solu\u00e7\u00f5es, tem um grande diferencial:compreender e desenvolver as necessidades espec\u00edficas de cada cliente, atendendo com qualidade e expertise na secagem e opera\u00e7\u00f5es de caf\u00e9 e outros gr\u00e3os.<\/p>\n<p>Atualmente o GRUPO RAGETECH atua em todo o Brasil e na Am\u00e9rica, no desenvolvimento de projetos e fabrica\u00e7\u00e3o de m\u00e1quinas de grande e pequeno porte.<\/p>\n<p>Para financiamento o GRUPO RAGETECH \u00e9 cadastrado com o cart\u00e3o BNDES, Finame e Mais Alimento, o que facilita o seu acesso \u00e0 empresa.<\/p>\n<p>Instalada em uma \u00e1rea de 5 mil M2, o GRUPO RAGETECH \u00e9 equipado com ferramental de \u00faltima gera\u00e7\u00e3o: tornos, fresadoras ferramenteiras, plainas e m\u00e1quinas CNC.<\/p>\n<p>A m\u00e3o de obra da empresa \u00e9 altamente qualificada com treinamento rigoroso dos colaboradores, que recebem certifica\u00e7\u00e3o pelas normas NR33, 34 e 35.<\/p>\n<p>Esperamos seu contato.<\/p>\n<p>[\/et_pb_cta][\/et_pb_column][et_pb_column type=&#8221;1_2&#8243; _builder_version=&#8221;3.19.10&#8243; parallax=&#8221;off&#8221; parallax_method=&#8221;on&#8221;][et_pb_image src=&#8221;https:\/\/ragetech.com.br\/maquinasagricolas\/wp-content\/uploads\/2019\/02\/engenharia.jpg&#8221; _builder_version=&#8221;3.19.10&#8243; box_shadow_style=&#8221;preset4&#8243; box_shadow_horizontal=&#8221;20px&#8221; box_shadow_vertical=&#8221;20px&#8221; box_shadow_color=&#8221;#ffc300&#8243; animation_style=&#8221;slide&#8221; animation_direction=&#8221;right&#8221;][\/et_pb_image][\/et_pb_column][\/et_pb_row][\/et_pb_section]<\/p>\n","protected":false},"excerpt":{"rendered":"<p>Nascido em 2005, o GRUPO RAGETECH \u00e9 um conglomerado empre\u00adsarial que opera nas \u00e1reas de IND\u00daSTRIA DE LOU\u00c7AS SANIT\u00c1RIAS, M\u00c1QUINAS E IMPLEMENTOS AGR\u00cdCOLAS e CONSTRU\u00c7\u00c3O CIVIL. O GRUPO RAGETECH tem a especialidade em proporcionar economia e performance atrav\u00e9s de alta tecnologia em projetos industriais. A empresa fornecendo solu\u00e7\u00f5es, tem um grande diferencial:compreender e desenvolver as [&hellip;]<\/p>\n","protected":false},"author":1,"featured_media":0,"parent":0,"menu_order":0,"comment_status":"closed","ping_status":"closed","template":"","meta":{"_et_pb_use_builder":"on","_et_pb_old_content":"<!-- wp:divi\/placeholder \/-->","_et_gb_content_width":"","footnotes":""},"_links":{"self":[{"href":"https:\/\/ragetech.com.br\/maquinasagricolas\/wp-json\/wp\/v2\/pages\/68"}],"collection":[{"href":"https:\/\/ragetech.com.br\/maquinasagricolas\/wp-json\/wp\/v2\/pages"}],"about":[{"href":"https:\/\/ragetech.com.br\/maquinasagricolas\/wp-json\/wp\/v2\/types\/page"}],"author":[{"embeddable":true,"href":"https:\/\/ragetech.com.br\/maquinasagricolas\/wp-json\/wp\/v2\/users\/1"}],"replies":[{"embeddable":true,"href":"https:\/\/ragetech.com.br\/maquinasagricolas\/wp-json\/wp\/v2\/comments?post=68"}],"version-history":[{"count":12,"href":"https:\/\/ragetech.com.br\/maquinasagricolas\/wp-json\/wp\/v2\/pages\/68\/revisions"}],"predecessor-version":[{"id":631,"href":"https:\/\/ragetech.com.br\/maquinasagricolas\/wp-json\/wp\/v2\/pages\/68\/revisions\/631"}],"wp:attachment":[{"href":"https:\/\/ragetech.com.br\/maquinasagricolas\/wp-json\/wp\/v2\/media?parent=68"}],"curies":[{"name":"wp","href":"https:\/\/api.w.org\/{rel}","templated":true}]}}